f 6342131?
1783, 3557
List the prime factors of 12365559.
3, 23, 31, 41, 47
List the prime factors of 635784.
2, 3, 59, 449
List the prime factors of 362264.
2, 7, 6469
List the prime factors of 4675360.
2, 5, 29221
What are the prime factors of 314166?
2, 3, 52361
List the prime factors of 11467917.
3, 89, 103, 139
List the prime factors of 1302719.
11, 118429
What are the prime factors of 4117949?
11, 374359
What are the prime factors of 3183657?
3, 53, 20023
What are the prime factors of 2623735?
5, 409, 1283
List the prime factors of 3763254.
2, 3, 11, 19, 3001
What are the prime factors of 1633998?
2, 3, 272333
What are the prime factors of 69646?
2, 97, 359
List the prime factors of 2782682.
2, 7, 47, 4229
What are the prime factors of 330373?
37, 8929
List the prime factors of 3653530.
2, 5, 283, 1291
List the prime factors of 4691309.
7, 19, 5039
List the prime factors of 415974.
2, 3, 13, 5333
List the prime factors of 2583860.
2, 5, 129193
List the prime factors of 569231.
13, 43787
What are the prime factors of 25229?
25229
What are the prime factors of 3593474?
2, 23, 191, 409
List the prime factors of 488384.
2, 13, 587
List the prime factors of 3694466.
2, 1847233
What are the prime factors of 5187142?
2, 17, 152563
What are the prime factors of 3045787?
109, 27943
List the prime factors of 231577.
367, 631
List the prime factors of 36025458.
2, 3, 7, 857749
What are the prime factors of 4007166?
2, 3, 667861
What are the prime factors of 33291784?
2, 167, 24919
List the prime factors of 200282.
2, 239, 419
What are the prime factors of 2201829?
3, 7, 104849
What are the prime factors of 3417748?
2, 17, 50261
What are the prime factors of 1746966?
2, 3, 13, 22397
What are the prime factors of 694265?
5, 11, 13, 971
List the prime factors of 30799939.
149, 421, 491
List the prime factors of 2800151.
1181, 2371
What are the prime factors of 157264?
2, 9829
What are the prime factors of 3512270?
2, 5, 59, 5953
What are the prime factors of 1122857?
1122857
What are the prime factors of 8616918?
2, 3, 19, 131, 577
What are the prime factors of 537648?
2, 3, 23, 487
What are the prime factors of 820857?
3, 19, 14401
List the prime factors of 12862338.
2, 3, 61, 113, 311
What are the prime factors of 3619870?
2, 5, 31, 11677
What are the prime factors of 47662?
2, 23831
What are the prime factors of 336840?
2, 3, 5, 7, 401
What are the prime factors of 369353?
369353
List the prime factors of 59624.
2, 29, 257
List the prime factors of 1114692.
2, 3, 19, 4889
List the prime factors of 1491001.
1491001
What are the prime factors of 1609237?
7, 17, 13523
List the prime factors of 22339503.
3, 827389
What are the prime factors of 501939?
3, 43, 1297
List the prime factors of 164147.
164147
List the prime factors of 294986.
2, 79, 1867
What are the prime factors of 2324472?
2, 3, 23, 4211
What are the prime factors of 1923668?
2, 181, 2657
List the prime factors of 1930303.
59, 32717
List the prime factors of 286086.
2, 3, 47681
What are the prime factors of 2164024?
2, 19, 23, 619
List the prime factors of 1304927.
13, 100379
List the prime factors of 34007155.
5, 7, 13, 31, 2411
What are the prime factors of 674784?
2, 3, 11, 71
List the prime factors of 688240.
2, 5, 7, 1229
What are the prime factors of 31269?
3, 7, 1489
What are the prime factors of 2025083?
103, 19661
What are the prime factors of 1026752?
2, 61, 263
What are the prime factors of 2494726?
2, 13, 229, 419
List the prime factors of 678728.
2, 37, 2293
List the prime factors of 4000854.
2, 3, 11, 13, 4663
List the prime factors of 11923753.
1303, 9151
What are the prime factors of 2929237?
2929237
What are the prime factors of 1933896?
2, 3, 19, 4241
List the prime factors of 39328242.
2, 3, 17, 385571
What are the prime factors of 353738?
2, 7, 11, 2297
What are the prime factors of 978329?
11, 19, 31, 151
What are the prime factors of 2986103?
2986103
List the prime factors of 36733909.
41, 71, 12619
What are the prime factors of 1218486?
2, 3, 31, 6551
What are the prime factors of 12589085?
5, 107, 23531
List the prime factors of 196104.
2, 3, 8171
List the prime factors of 88502.
2, 17, 19, 137
List the prime factors of 29727034.
2, 14863517
List the prime factors of 642920.
2, 5, 16073
List the prime factors of 137258.
2, 11, 17, 367
What are the prime factors of 166069?
71, 2339
What are the prime factors of 1836542?
2, 859, 1069
List the prime factors of 19467235.
5, 61, 83, 769
List the prime factors of 2209375.
5, 7, 101
What are the prime factors of 1370630?
2, 5, 41, 3343
What are the prime factors of 24471944?
2, 7, 436999
What are the prime factors of 2600567?
2600567
List the prime factors of 12458241.
3, 1384249
What are the prime factors of 2562512?
2, 17, 9421
List the prime factors of 33603.
3, 23, 487
What are the prime factors of 12852719?
11, 313, 3733
What are the prime factors of 6426?
2, 3, 7, 17
List the prime factors of 9194696.
2, 7, 164191
What are the prime factors of 8779988?
2, 7, 313571
What are the prime factors of 186023?
186023
What are the prime factors of 5281469?
1123, 4703
What are the prime factors of 260206?
2, 281, 463
List the prime factors of 3183897.
3, 307, 3457
What are the prime factors of 465616?
2, 29101
What are the prime factors of 12158862?
2, 3, 971, 2087
What are the prime factors of 3184?
2, 199
What are the prime factors of 201719?
7, 28817
What are the prime factors of 305377?
305377
List the prime factors of 629313.
3, 209771
List the prime factors of 9239264.
2, 179, 1613
List the prime factors of 413676.
2, 3, 11491
List the prime factors of 12632586.
2, 3, 2105431
What are the prime factors of 7283828?
2, 1820957
What are the prime factors of 2221286?
2, 1110643
What are the prime factors of 8932897?
397, 22501
What are the prime factors of 1459556?
2, 7, 52127
What are the prime factors of 295304?
2, 36913
What are the prime factors of 1999687?
59, 33893
List the prime factors of 2325786.
2, 3, 387631
What are the prime factors of 2435988?
2, 3, 202999
List the prime factors of 923201.
923201
List the prime factors of 105304.
2, 13163
List the prime factors of 59511.
3, 83, 239
What are the prime factors of 10228301?
10228301
List the prime factors of 13357137.
3, 4452379
What are the prime factors of 3265452?
2, 3, 61, 1487
What are the prime factors of 241241?
7, 11, 13, 241
What are the prime factors of 17598089?
709, 24821
What are the prime factors of 1113876?
2, 3, 30941
What are the prime factors of 24496829?
7, 73, 47939
List the prime factors of 374805.
3, 5, 8329
What are the prime factors of 13822370?
2, 5, 1382237
List the prime factors of 313972.
2, 53, 1481
List the prime factors of 10303410.
2, 3, 5, 13, 29, 911
List the prime factors of 14549929.
14549929
What are the prime factors of 283863?
3, 94621
List the prime factors of 677809.
11, 43, 1433
What are the prime factors of 52324?
2, 103, 127
What are the prime factors of 255110?
2, 5, 97, 263
What are the prime factors of 2748074?
2, 7, 196291
List the prime factors of 1604123.
1604123
List the prime factors of 3451861.
7, 493123
List the prime factors of 4553169.
3, 211, 7193
What are the prime factors of 3058021?
29, 105449
List the prime factors of 10831068.
2, 3, 23, 103, 127
List the prime factors of 918073.
13, 70621
What are the prime factors of 422287?
422287
What are the prime factors of 26906419?
31, 47, 59, 313
What are the prime factors of 2905?
5, 7, 83
What are the prime factors of 103069?
103069
List the prime factors of 257882.
2, 128941
What are the prime factors of 8506127?
7, 1215161
List the prime factors of 144644.
2, 36161
What are the prime factors of 13218030?
2, 3, 5, 7, 20981
What are the prime factors of 21958304?
2, 686197
List the prime factors of 16942491.
3, 67, 28097
List the prime factors of 2161046.
2, 1080523
What are the prime factors of 23255?
5, 4651
List the prime factors of 163019.
163019
What are the prime factors of 82995?
3, 5, 11, 503
List the prime factors of 488283.
3, 47, 3463
What are the prime factors of 326738?
2, 23, 7103
What are the prime factors of 1994152?
2, 37, 6737
What are the prime factors of 11449693?
29, 394817
List the prime factors of 496051.
496051
What are the prime f